{"id":3,"date":"2021-09-06T09:10:16","date_gmt":"2021-09-06T07:10:16","guid":{"rendered":"http:\/\/psdojpp.cluster031.hosting.ovh.net\/?page_id=3"},"modified":"2026-02-11T13:56:04","modified_gmt":"2026-02-11T12:56:04","slug":"mentions-legales","status":"publish","type":"page","link":"http:\/\/medecinelegale.com\/index.php\/mentions-legales\/","title":{"rendered":"Mentions l\u00e9gales"},"content":{"rendered":"\n<h1 class=\"wp-block-heading\">Soci\u00e9t\u00e9 fran\u00e7aise de m\u00e9decine l\u00e9gale<\/h1>\n\n\n\n<h4 class=\"wp-block-heading\">Si\u00e8ge social<\/h4>\n\n\n\n<p>Facult\u00e9 de m\u00e9decine de Toulouse, 37 all\u00e9e Jules Guesde, 31000 Toulouse<\/p>\n\n\n\n<h4 class=\"wp-block-heading\">Directrice de la publication<\/h4>\n\n\n\n<p>Professeur Pauline SAINT-MARTIN, pr\u00e9sidente de la SFMLEM<\/p>\n\n\n\n<h4 class=\"wp-block-heading\">H\u00e9bergement<\/h4>\n\n\n\n<p><a href=\"https:\/\/www.ovhcloud.com\/fr\/\" target=\"_blank\" rel=\"noreferrer noopener nofollow\">OVHcloud.com<\/a> &#8211; 2 rue Kellermann &#8211; 59 100 Roubaix &#8211; France<\/p>\n\n\n\n<h1 class=\"wp-block-heading\">Droits d&#8217;auteur et propri\u00e9t\u00e9 intellectuelle<\/h1>\n\n\n\n<p>L&#8217;ensemble de ce site rel\u00e8ve de la l\u00e9gislation fran\u00e7aise et internationale sur le droit d&#8217;auteur et la propri\u00e9t\u00e9 intellectuelle. Tous les droits de reproduction sont r\u00e9serv\u00e9s.<\/p>\n\n\n\n<p>La reproduction de tout ou partie de ce site sur un support \u00e9lectronique quel qu&#8217;il soit est formellement interdite sauf autorisation expresse du directeur de la publication.<\/p>\n\n\n\n<p>Les photographies, textes, dessins, images etc. prot\u00e9g\u00e9s par les droits de la propri\u00e9t\u00e9 intellectuelle sont la propri\u00e9t\u00e9 de la Soci\u00e9t\u00e9 Fran\u00e7aise de M\u00e9decine L\u00e9gale ou de tiers ayant permis \u00e0&nbsp;la Soci\u00e9t\u00e9 Fran\u00e7aise de M\u00e9decine L\u00e9gale d&#8217;en faire usage.<\/p>\n\n\n\n<h1 class=\"wp-block-heading\">Limitation de responsabilit\u00e9<\/h1>\n\n\n\n<p>Le contenu du site est fourni &#8220;en l&#8217;\u00e9tat&#8221;, sans aucune garantie de quelque nature que ce soit. la Soci\u00e9t\u00e9 Fran\u00e7aise de M\u00e9decine L\u00e9gale ne garantit et ne saurait supporter la moindre responsabilit\u00e9 quant \u00e0 l&#8217;usage qui pourrait \u00eatre fait de ce site.<\/p>\n\n\n\n<p>En aucun cas, la Soci\u00e9t\u00e9 Fran\u00e7aise de M\u00e9decine L\u00e9gale ne pourra \u00eatre tenue responsable des dommages de toute nature, directs ou indirects qui r\u00e9sulteraient de l&#8217;utilisation de ce site et notamment des dommages mat\u00e9riels, perte de donn\u00e9es ou de programme, r\u00e9sultant de l&#8217;acc\u00e8s ou de l&#8217;utilisation de ce site ou de tous sites qui lui sont li\u00e9s.<\/p>\n\n\n\n<p>La Soci\u00e9t\u00e9 Fran\u00e7aise de M\u00e9decine L\u00e9gale ne peut garantir que les informations du site sont compl\u00e8tes, pr\u00e9cises, exactes, d\u00e9pourvues de toute erreur et \u00e0 jour.<\/p>\n\n\n\n<p>Toute information pourra \u00eatre modifi\u00e9e sans avertissement pr\u00e9alable.<\/p>\n\n\n\n<h1 class=\"wp-block-heading\">Informations personnelles<\/h1>\n\n\n\n<p>Conform\u00e9ment \u00e0 l&#8217;article 34 de la Loi&nbsp; &#8220;Informatique et Libert\u00e9s&#8221; n\u00b078-17 du 6 janvier 1978, vous disposez d&#8217;un droit d&#8217;acc\u00e8s, de rectification et de suppression des donn\u00e9es nominatives vous concernant.<\/p>\n\n\n\n<h1 class=\"wp-block-heading\">Liens hypertextes<\/h1>\n\n\n\n<p>Ce site permet l&#8217;\u00e9tablissement de liens vers des sites existants ou h\u00e9berg\u00e9s par des tiers. L&#8217;existence de tels liens entre le site de la Soci\u00e9t\u00e9 Fran\u00e7aise de M\u00e9decine L\u00e9gale et les sites tiers ne signifie pas que la Soci\u00e9t\u00e9 Fran\u00e7aise de M\u00e9decine L\u00e9gale assume une quelconque garantie et responsabilit\u00e9 quant \u00e0 son contenu ou \u00e0 l&#8217;usage qui peut en \u00eatre fait.<\/p>\n\n\n\n<p>La Soci\u00e9t\u00e9 Fran\u00e7aise de M\u00e9decine L\u00e9gale d\u00e9cline toute responsabilit\u00e9 quant aux sites Internet qui poss\u00e8dent un lien vers son site.<\/p>\n\n\n\n<h1 class=\"wp-block-heading\">Politique de fouille de textes et de donn\u00e9es<\/h1>\n\n\n\n<p>La soci\u00e9t\u00e9 fran\u00e7aise de m\u00e9decine l\u00e9gale et d&#8217;expertises m\u00e9dicales s\u2019oppose \u00e0 toutes op\u00e9rations de moissonnage et de fouille de textes et de donn\u00e9es au sens de l\u2019article L. 122-5-3 du code de la propri\u00e9t\u00e9 intellectuelle.<\/p>\n\n\n\n<p>Cette opposition couvre l\u2019ensemble du site et des contenus auxquels il donne acc\u00e8s. Toutes op\u00e9rations de moissonnage et de fouille de textes et de donn\u00e9es visant le site et ses contenus, y compris par des dispositifs de collecte automatis\u00e9e de donn\u00e9es constituent donc des actes de contrefa\u00e7on sauf obtention d\u2019un accord sp\u00e9cifique formellement exprim\u00e9 de la soci\u00e9t\u00e9 fran\u00e7aise de m\u00e9decine l\u00e9gale et d&#8217;expertises m\u00e9dicales.<\/p>\n\n\n\n<p>L\u2019article R. 122-28 du code de la propri\u00e9t\u00e9 intellectuelle pr\u00e9cisant que l&#8217;opposition mentionn\u00e9e au III de l&#8217;article L. 122-5-3 peut \u00eatre exprim\u00e9e par tout moyen, y compris par le recours \u00e0 des conditions g\u00e9n\u00e9rales d&#8217;utilisation d&#8217;un site internet ou d&#8217;un service, l\u2019absence de metadonn\u00e9es associ\u00e9es au Site, r\u00e9pertoires du Site, Contenus du Site est sans incidence sur l\u2019exercice du droit d\u2019opposition exprim\u00e9 par les pr\u00e9sentes conditions g\u00e9n\u00e9rales d\u2019utilisation.<\/p>\n","protected":false},"excerpt":{"rendered":"<p>Soci\u00e9t\u00e9 fran\u00e7aise de m\u00e9decine l\u00e9gale Si\u00e8ge social Facult\u00e9 de m\u00e9decine de Toulouse, 37 all\u00e9e Jules Guesde, 31000 Toulouse Directrice de la publication Professeur Pauline SAINT-MARTIN, pr\u00e9sidente<span class=\"excerpt-hellip\"> [\u2026]<\/span><\/p>\n","protected":false},"author":668,"featured_media":0,"parent":0,"menu_order":0,"comment_status":"closed","ping_status":"open","template":"","meta":{"footnotes":""},"class_list":["post-3","page","type-page","status-publish","hentry"],"yoast_head":"<!-- This site is optimized with the Yoast SEO plugin v27.4 - https:\/\/yoast.com\/product\/yoast-seo-wordpress\/ -->\n<title>Mentions l\u00e9gales &#8211; Soci\u00e9t\u00e9 fran\u00e7aise de m\u00e9decine l\u00e9gale et d&#039;expertises m\u00e9dicales<\/title>\n<meta name=\"description\" content=\"La Soci\u00e9t\u00e9 fran\u00e7aise de m\u00e9decine l\u00e9gale et d&#039;expertises m\u00e9dicales a pour r\u00f4le de f\u00e9d\u00e9rer l\u2019ensemble des professionnels de la m\u00e9decine l\u00e9gale dont les attributions ont fortement \u00e9volu\u00e9 en l\u2019espace de quelques ann\u00e9es.\" \/>\n<meta name=\"robots\" content=\"index, follow, max-snippet:-1, max-image-preview:large, max-video-preview:-1\" \/>\n<link rel=\"canonical\" href=\"http:\/\/medecinelegale.com\/index.php\/mentions-legales\/\" \/>\n<meta property=\"og:locale\" content=\"fr_FR\" \/>\n<meta property=\"og:type\" content=\"article\" \/>\n<meta property=\"og:title\" content=\"Mentions l\u00e9gales &#8211; Soci\u00e9t\u00e9 fran\u00e7aise de m\u00e9decine l\u00e9gale et d&#039;expertises m\u00e9dicales\" \/>\n<meta property=\"og:description\" content=\"La Soci\u00e9t\u00e9 fran\u00e7aise de m\u00e9decine l\u00e9gale et d&#039;expertises m\u00e9dicales a pour r\u00f4le de f\u00e9d\u00e9rer l\u2019ensemble des professionnels de la m\u00e9decine l\u00e9gale dont les attributions ont fortement \u00e9volu\u00e9 en l\u2019espace de quelques ann\u00e9es.\" \/>\n<meta property=\"og:url\" content=\"http:\/\/medecinelegale.com\/index.php\/mentions-legales\/\" \/>\n<meta property=\"og:site_name\" content=\"Soci\u00e9t\u00e9 fran\u00e7aise de m\u00e9decine l\u00e9gale et d&#039;expertises m\u00e9dicales\" \/>\n<meta property=\"article:modified_time\" content=\"2026-02-11T12:56:04+00:00\" \/>\n<meta property=\"og:image\" content=\"http:\/\/medecinelegale.com\/wp-content\/uploads\/2021\/09\/Me\u0301decin-et-marteau-_1047750205-scaled.jpg\" \/>\n\t<meta property=\"og:image:width\" content=\"2560\" \/>\n\t<meta property=\"og:image:height\" content=\"1471\" \/>\n\t<meta property=\"og:image:type\" content=\"image\/jpeg\" \/>\n<meta name=\"twitter:card\" content=\"summary_large_image\" \/>\n<meta name=\"twitter:site\" content=\"@sfmlem\" \/>\n<meta name=\"twitter:label1\" content=\"Dur\u00e9e de lecture estim\u00e9e\" \/>\n\t<meta name=\"twitter:data1\" content=\"3 minutes\" \/>\n<script type=\"application\/ld+json\" class=\"yoast-schema-graph\">{\"@context\":\"https:\\\/\\\/schema.org\",\"@graph\":[{\"@type\":\"WebPage\",\"@id\":\"http:\\\/\\\/medecinelegale.com\\\/index.php\\\/mentions-legales\\\/\",\"url\":\"http:\\\/\\\/medecinelegale.com\\\/index.php\\\/mentions-legales\\\/\",\"name\":\"Mentions l\u00e9gales &#8211; Soci\u00e9t\u00e9 fran\u00e7aise de m\u00e9decine l\u00e9gale et d&#039;expertises m\u00e9dicales\",\"isPartOf\":{\"@id\":\"https:\\\/\\\/medecinelegale.com\\\/#website\"},\"datePublished\":\"2021-09-06T07:10:16+00:00\",\"dateModified\":\"2026-02-11T12:56:04+00:00\",\"description\":\"La Soci\u00e9t\u00e9 fran\u00e7aise de m\u00e9decine l\u00e9gale et d'expertises m\u00e9dicales a pour r\u00f4le de f\u00e9d\u00e9rer l\u2019ensemble des professionnels de la m\u00e9decine l\u00e9gale dont les attributions ont fortement \u00e9volu\u00e9 en l\u2019espace de quelques ann\u00e9es.\",\"breadcrumb\":{\"@id\":\"http:\\\/\\\/medecinelegale.com\\\/index.php\\\/mentions-legales\\\/#breadcrumb\"},\"inLanguage\":\"fr-FR\",\"potentialAction\":[{\"@type\":\"ReadAction\",\"target\":[\"http:\\\/\\\/medecinelegale.com\\\/index.php\\\/mentions-legales\\\/\"]}]},{\"@type\":\"BreadcrumbList\",\"@id\":\"http:\\\/\\\/medecinelegale.com\\\/index.php\\\/mentions-legales\\\/#breadcrumb\",\"itemListElement\":[{\"@type\":\"ListItem\",\"position\":1,\"name\":\"Accueil\",\"item\":\"https:\\\/\\\/medecinelegale.com\\\/\"},{\"@type\":\"ListItem\",\"position\":2,\"name\":\"Mentions l\u00e9gales\"}]},{\"@type\":\"WebSite\",\"@id\":\"https:\\\/\\\/medecinelegale.com\\\/#website\",\"url\":\"https:\\\/\\\/medecinelegale.com\\\/\",\"name\":\"Soci\u00e9t\u00e9 fran\u00e7aise de m\u00e9decine l\u00e9gale et d&#039;expertises m\u00e9dicales\",\"description\":\"F\u00e9d\u00e9rer l\u2019ensemble des professionnels de la m\u00e9decine l\u00e9gale\",\"publisher\":{\"@id\":\"https:\\\/\\\/medecinelegale.com\\\/#organization\"},\"potentialAction\":[{\"@type\":\"SearchAction\",\"target\":{\"@type\":\"EntryPoint\",\"urlTemplate\":\"https:\\\/\\\/medecinelegale.com\\\/?s={search_term_string}\"},\"query-input\":{\"@type\":\"PropertyValueSpecification\",\"valueRequired\":true,\"valueName\":\"search_term_string\"}}],\"inLanguage\":\"fr-FR\"},{\"@type\":\"Organization\",\"@id\":\"https:\\\/\\\/medecinelegale.com\\\/#organization\",\"name\":\"Soci\u00e9t\u00e9 Fran\u00e7aise de M\u00e9decine L\u00e9gale et d\u2019expertises m\u00e9dicales\",\"url\":\"https:\\\/\\\/medecinelegale.com\\\/\",\"logo\":{\"@type\":\"ImageObject\",\"inLanguage\":\"fr-FR\",\"@id\":\"https:\\\/\\\/medecinelegale.com\\\/#\\\/schema\\\/logo\\\/image\\\/\",\"url\":\"https:\\\/\\\/medecinelegale.com\\\/wp-content\\\/uploads\\\/2021\\\/09\\\/logo_SFML_s.png\",\"contentUrl\":\"https:\\\/\\\/medecinelegale.com\\\/wp-content\\\/uploads\\\/2021\\\/09\\\/logo_SFML_s.png\",\"width\":400,\"height\":165,\"caption\":\"Soci\u00e9t\u00e9 Fran\u00e7aise de M\u00e9decine L\u00e9gale et d\u2019expertises m\u00e9dicales\"},\"image\":{\"@id\":\"https:\\\/\\\/medecinelegale.com\\\/#\\\/schema\\\/logo\\\/image\\\/\"},\"sameAs\":[\"https:\\\/\\\/x.com\\\/sfmlem\",\"https:\\\/\\\/www.linkedin.com\\\/company\\\/soci\u00e9t\u00e9-fran\u00e7aise-de-m\u00e9decine-l\u00e9gale-et-d-expertises-m\u00e9dicales\\\/\"]}]}<\/script>\n<!-- \/ Yoast SEO plugin. -->","yoast_head_json":{"title":"Mentions l\u00e9gales &#8211; Soci\u00e9t\u00e9 fran\u00e7aise de m\u00e9decine l\u00e9gale et d&#039;expertises m\u00e9dicales","description":"La Soci\u00e9t\u00e9 fran\u00e7aise de m\u00e9decine l\u00e9gale et d'expertises m\u00e9dicales a pour r\u00f4le de f\u00e9d\u00e9rer l\u2019ensemble des professionnels de la m\u00e9decine l\u00e9gale dont les attributions ont fortement \u00e9volu\u00e9 en l\u2019espace de quelques ann\u00e9es.","robots":{"index":"index","follow":"follow","max-snippet":"max-snippet:-1","max-image-preview":"max-image-preview:large","max-video-preview":"max-video-preview:-1"},"canonical":"http:\/\/medecinelegale.com\/index.php\/mentions-legales\/","og_locale":"fr_FR","og_type":"article","og_title":"Mentions l\u00e9gales &#8211; Soci\u00e9t\u00e9 fran\u00e7aise de m\u00e9decine l\u00e9gale et d&#039;expertises m\u00e9dicales","og_description":"La Soci\u00e9t\u00e9 fran\u00e7aise de m\u00e9decine l\u00e9gale et d'expertises m\u00e9dicales a pour r\u00f4le de f\u00e9d\u00e9rer l\u2019ensemble des professionnels de la m\u00e9decine l\u00e9gale dont les attributions ont fortement \u00e9volu\u00e9 en l\u2019espace de quelques ann\u00e9es.","og_url":"http:\/\/medecinelegale.com\/index.php\/mentions-legales\/","og_site_name":"Soci\u00e9t\u00e9 fran\u00e7aise de m\u00e9decine l\u00e9gale et d&#039;expertises m\u00e9dicales","article_modified_time":"2026-02-11T12:56:04+00:00","og_image":[{"width":2560,"height":1471,"url":"http:\/\/medecinelegale.com\/wp-content\/uploads\/2021\/09\/Me\u0301decin-et-marteau-_1047750205-scaled.jpg","type":"image\/jpeg"}],"twitter_card":"summary_large_image","twitter_site":"@sfmlem","twitter_misc":{"Dur\u00e9e de lecture estim\u00e9e":"3 minutes"},"schema":{"@context":"https:\/\/schema.org","@graph":[{"@type":"WebPage","@id":"http:\/\/medecinelegale.com\/index.php\/mentions-legales\/","url":"http:\/\/medecinelegale.com\/index.php\/mentions-legales\/","name":"Mentions l\u00e9gales &#8211; Soci\u00e9t\u00e9 fran\u00e7aise de m\u00e9decine l\u00e9gale et d&#039;expertises m\u00e9dicales","isPartOf":{"@id":"https:\/\/medecinelegale.com\/#website"},"datePublished":"2021-09-06T07:10:16+00:00","dateModified":"2026-02-11T12:56:04+00:00","description":"La Soci\u00e9t\u00e9 fran\u00e7aise de m\u00e9decine l\u00e9gale et d'expertises m\u00e9dicales a pour r\u00f4le de f\u00e9d\u00e9rer l\u2019ensemble des professionnels de la m\u00e9decine l\u00e9gale dont les attributions ont fortement \u00e9volu\u00e9 en l\u2019espace de quelques ann\u00e9es.","breadcrumb":{"@id":"http:\/\/medecinelegale.com\/index.php\/mentions-legales\/#breadcrumb"},"inLanguage":"fr-FR","potentialAction":[{"@type":"ReadAction","target":["http:\/\/medecinelegale.com\/index.php\/mentions-legales\/"]}]},{"@type":"BreadcrumbList","@id":"http:\/\/medecinelegale.com\/index.php\/mentions-legales\/#breadcrumb","itemListElement":[{"@type":"ListItem","position":1,"name":"Accueil","item":"https:\/\/medecinelegale.com\/"},{"@type":"ListItem","position":2,"name":"Mentions l\u00e9gales"}]},{"@type":"WebSite","@id":"https:\/\/medecinelegale.com\/#website","url":"https:\/\/medecinelegale.com\/","name":"Soci\u00e9t\u00e9 fran\u00e7aise de m\u00e9decine l\u00e9gale et d&#039;expertises m\u00e9dicales","description":"F\u00e9d\u00e9rer l\u2019ensemble des professionnels de la m\u00e9decine l\u00e9gale","publisher":{"@id":"https:\/\/medecinelegale.com\/#organization"},"potentialAction":[{"@type":"SearchAction","target":{"@type":"EntryPoint","urlTemplate":"https:\/\/medecinelegale.com\/?s={search_term_string}"},"query-input":{"@type":"PropertyValueSpecification","valueRequired":true,"valueName":"search_term_string"}}],"inLanguage":"fr-FR"},{"@type":"Organization","@id":"https:\/\/medecinelegale.com\/#organization","name":"Soci\u00e9t\u00e9 Fran\u00e7aise de M\u00e9decine L\u00e9gale et d\u2019expertises m\u00e9dicales","url":"https:\/\/medecinelegale.com\/","logo":{"@type":"ImageObject","inLanguage":"fr-FR","@id":"https:\/\/medecinelegale.com\/#\/schema\/logo\/image\/","url":"https:\/\/medecinelegale.com\/wp-content\/uploads\/2021\/09\/logo_SFML_s.png","contentUrl":"https:\/\/medecinelegale.com\/wp-content\/uploads\/2021\/09\/logo_SFML_s.png","width":400,"height":165,"caption":"Soci\u00e9t\u00e9 Fran\u00e7aise de M\u00e9decine L\u00e9gale et d\u2019expertises m\u00e9dicales"},"image":{"@id":"https:\/\/medecinelegale.com\/#\/schema\/logo\/image\/"},"sameAs":["https:\/\/x.com\/sfmlem","https:\/\/www.linkedin.com\/company\/soci\u00e9t\u00e9-fran\u00e7aise-de-m\u00e9decine-l\u00e9gale-et-d-expertises-m\u00e9dicales\/"]}]}},"_links":{"self":[{"href":"http:\/\/medecinelegale.com\/index.php\/wp-json\/wp\/v2\/pages\/3","targetHints":{"allow":["GET"]}}],"collection":[{"href":"http:\/\/medecinelegale.com\/index.php\/wp-json\/wp\/v2\/pages"}],"about":[{"href":"http:\/\/medecinelegale.com\/index.php\/wp-json\/wp\/v2\/types\/page"}],"author":[{"embeddable":true,"href":"http:\/\/medecinelegale.com\/index.php\/wp-json\/wp\/v2\/users\/668"}],"replies":[{"embeddable":true,"href":"http:\/\/medecinelegale.com\/index.php\/wp-json\/wp\/v2\/comments?post=3"}],"version-history":[{"count":10,"href":"http:\/\/medecinelegale.com\/index.php\/wp-json\/wp\/v2\/pages\/3\/revisions"}],"predecessor-version":[{"id":4183,"href":"http:\/\/medecinelegale.com\/index.php\/wp-json\/wp\/v2\/pages\/3\/revisions\/4183"}],"wp:attachment":[{"href":"http:\/\/medecinelegale.com\/index.php\/wp-json\/wp\/v2\/media?parent=3"}],"curies":[{"name":"wp","href":"https:\/\/api.w.org\/{rel}","templated":true}]}}